What are the prime factors of w(-11)?
2, 3, 5
Let u(g) = 2*g + 2. Suppose -4 + 29 = -5*s. Let p(j) = 2*j + 3. Let t(z) = s*u(z) + 4*p(z). What are the prime factors of t(-3)?
2
Let g(c) = 3*c**3 + 2*c**2 + 4*c + 5. Let s(a) = -a - 1. Let b(r) = -g(r) - 4*s(r). What are the prime factors of b(-2)?
3, 5
Let l = 0 - -6. Suppose -24 = 4*n - l*n. What are the prime factors of n?
2, 3
Let j = 4 - -2. Suppose -j - 10 = -4*p. List the prime factors of p.
2
Let v(c) = -3*c**3 + 2*c**2 - 3. What are the prime factors of v(-2)?
29
Suppose 8*m - 123 = 21. What are the prime factors of m?
2, 3
Let t be 1/2*(3 - -3). Suppose 4 = w - 4*u + t*u, -3*u = -12. List the prime factors of w.
2
Let t = -125 - -347. List the prime factors of t.
2, 3, 37
Suppose h = 9 - 5. Suppose -3*b + 2*n - 25 = -1, h*n - 18 = 3*b. Let y = 18 + b. List the prime factors of y.
2
Let c(b) = -b**2 + 9*b - 3 + b**2 - 9 + b**2. What are the prime factors of c(-11)?
2, 5
Suppose 37 + 99 = 4*k - 4*r, -k + 2*r + 35 = 0. List the prime factors of k.
3, 11
List the prime factors of -8 + 4 - 158/(-2).
3, 5
Let f(v) = 2*v + 3. Let n(k) = -3*k - 2. Let c(i) = 4*f(i) + 3*n(i). Let m(l) = l**3 - 5*l**2 + 5*l - 4. Let u be m(4). List the prime factors of c(u).
2, 3
Let z = 81 - 53. Suppose -4*u = -z - 60. What are the prime factors of u?
2, 11
Suppose -2*j - 1125 = 3*j. Let p = j + 69. What are the prime factors of p/8*(-6)/9?
13
Suppose -5*h = -26 - 9. Suppose -3*u - 2*f = -21, -4*f - 45 = -5*u - 10. Suppose 2*d = h + u. What are the prime factors of d?
7
Let q(j) = 8*j - 9. Let u(y) = -17*y + 17. Let p(o) = 13*q(o) + 6*u(o). Let b be p(10). What are the prime factors of (0 - 0) + (b - -1)?
2, 3
Let k(u) = -u**3 - 5*u**2 + 6*u. Let x be k(-6). Let g be 0 + 4 + x/1. Suppose -3*q = 2*b - g*q - 15, 18 = b + 3*q. List the prime factors of b.
3
What are the prime factors of 4 + (25 - 12/(-4))?
2
Let w(g) = g**3 + 10*g**2 + 10*g + 13. Let p be w(-9). What are the prime factors of (-1)/(p/(-176) - 0)?
2, 11
Suppose 2*w - 18 = -3*t, 4*w - 3*t = 2*t - 8. Suppose 0 = -s + w - 0. List the prime factors of s.
3
Let w = 177 + -101. List the prime factors of w.
2, 19
Suppose -568 = 135*h - 139*h. List the prime factors of h.
2, 71
Let r(j) = 4*j**2 + j - 1. Let l be r(2). Let g = l - 1. What are the prime factors of g?
2
Let y be ((-42)/(-7))/((-6)/28). Let u = -5 - y. List the prime factors of u.
23
Suppose 15 - 35 = c. List the prime factors of (-295)/c + (-2)/(-8).
3, 5
Let o(t) = -t**3 + 7*t**2 + 9*t - 4. Let y be o(8). Let g(h) = h**3 - 2*h**2 - 4*h. What are the prime factors of g(y)?
2
Let k(y) = 3*y**2 - 8*y + 3. Let q be k(5). What are the prime factors of (q/8)/((-2)/(-8))?
19
Suppose -5*n + 68 = -27. Suppose 5*d = n + 11. What are the prime factors of d?
2, 3
Suppose 7 = n + 1. What are the prime factors of n?
2, 3
Suppose -3*j = -0*j + 108. Let n = 68 + j. What are the prime factors of n?
2
Suppose 4*a + 0*a = -112. What are the prime factors of (a/10)/(1/(-5))?
2, 7
Suppose 6 + 4 = 5*c. Suppose -40 = -c*w - 14. What are the prime factors of w?
13
Suppose -4*f + 93 = -155. List the prime factors of f.
2, 31
Let u(q) be the second derivative of q**3/6 - 3*q**2 - 3*q. Let z be u(9). Suppose 4*w = z*w + 3. List the prime factors of w.
3
Let q(n) be the third derivative of n**5/60 + n**4/8 - n**3/3 - n**2. Let o be q(-5). Let p = o - 5. List the prime factors of p.
3
Let s(x) = -10*x + 3. Let f be s(2). Let l = 35 + f. What are the prime factors of l?
2, 3
Let b(s) = s. Let l be b(2). Let c be -1 + 2 + l + -1. Suppose 48 = c*p + 2*p. List the prime factors of p.
2, 3
Let p be (4 + 1)*-4*3. Let t = -25 - p. List the prime factors of t.
5, 7
Let v be (-4)/14 - 2/(-7). Suppose v = 2*b - 13 - 11. List the prime factors of b.
2, 3
Let w be ((-14)/(-21))/(4/6). Suppose -106 = -3*y - w. What are the prime factors of y?
5, 7
Suppose 0*o + 12 = -3*o. Let a = o - -4. Suppose -2*s = -24 - a. What are the prime factors of s?
2, 3
List the prime factors of ((-21)/(-2))/((-5)/(-10)).
3, 7
Suppose -3*w = 5*f - 1, -2*w - w + 3 = 3*f. Let p be (-1 - 0) + 2/w. Suppose -7*u + 2*u + 4*i = p, -3*i + 15 = 0. What are the prime factors of u?
2
Suppose -2*p = o - 101, -230 = -2*o + 6*p - 3*p. What are the prime factors of o?
109
Let p(q) = q**2 + 2*q - 8. Let a be p(6). List the prime factors of 1/3 + a/6.
7
Let f(o) = -o - 2. Let s be f(-3). Let l be (-4 - -2) + 7/s. Suppose 19 = l*a - 1. What are the prime factors of a?
2
Let d(c) = -5*c - 47. What are the prime factors of d(-12)?
13
Let u be (4/2 - -6)/2. Suppose u*x - 72 = x. List the prime factors of x.
2, 3
Let o = 98 - 35. Let f be (-4)/18 + 392/o. What are the prime factors of (20/6)/(2/f)?
2, 5
Let n(m) = 2*m**3 - 2*m**2 + 3*m - 2. Let g be n(2). Let l = -10 - g. What are the prime factors of (-194)/l + 4/22?
3
Let c(v) be the third derivative of -v**5/120 - v**4/8 - v**3/3 - v**2. Let p(g) be the first derivative of c(g). List the prime factors of p(-7).
2
Let g(k) be the third derivative of -k**7/5040 + k**6/240 - k**5/30 - 2*k**2. Let j(s) be the third derivative of g(s). List the prime factors of j(-10).
13
Suppose 24 = 3*d - s - 2, 0 = -d + 5*s - 10. Suppose f - d = 2*f. Let g(h) = -h**3 - 11*h**2 - 12*h - 10. List the prime factors of g(f).
2, 5
Let p = -2 + -2. Let w = p + 9. Suppose 0 = w*s - 21 - 19. List the prime factors of s.
2
Let i(d) = 28*d - 1. Let w be i(-1). Let m = -13 - w. What are the prime factors of m?
2
What are the prime factors of 9/(-15)*-1 + (-4828)/(-20)?
2, 11
Suppose 4*c - 3*x - 127 = -0*c, -120 = -4*c - 4*x. List the prime factors of c.
31
Let n = 3 + 0. Suppose -n*x = -61 + 7. What are the prime factors of x/3*(-2)/(-4)?
3
Let p be 3 + 1/(-2)*4. List the prime factors of (-30 - -2)/(-3 + p).
2, 7
Let k(o) = -o**3 - 20*o**2 - 20*o - 20. Let t be k(-19). List the prime factors of (1 - t)*120/10.
2, 3
Let q be 1/2 + (-30)/(-4). Suppose 5*n - 15 = 2*m, 4*m - q*m - 4*n + 40 = 0. List the prime factors of m.
5
Suppose 6*u = 7*u - 35. What are the prime factors of u?
5, 7
Let k = -2 + 0. Let y = -4 - k. What are the prime factors of 1/y*-2*12?
2, 3
Let v(z) be the first derivative of z**2/2 - 8*z + 1. Let h be v(9). Let a(g) = 10*g**2 - 2*g + 1. List the prime factors of a(h).
3
Let b = 144 + -74. List the prime factors of b/4 + 2/4.
2, 3
Let w = -13 + 19. List the prime factors of w.
2, 3
Let l be (-22)/(-8) - (-9)/(-12). What are the prime factors of (l/4)/((-5)/(-50))?
5
Suppose 0 = 4*p + 3*k - 485, -k - k = -4*p + 490. List the prime factors of p.
2, 61
Let v(h) be the second derivative of h**4/2 - h**3/3 - h**2/2 + 2*h. Let p be v(-2). Let b = p + -18. List the prime factors of b.
3
Let z(m) = 2*m + 15. Let f be z(-10). List the prime factors of 16/1 + f + 8.
19
Let u = 22 + -19. Suppose -5*b + q = 3*q - 17, 5*b - 12 = 3*q. Suppose 0 = -b*p - 2*w + 31, -5*w + u*w + 22 = 2*p. List the prime factors of p.
3
Let k be (-30)/(2 - 3) + -3. Suppose 3*f - 102 = -k. List the prime factors of f.
5
Suppose 3*l + 0*w - 3*w - 1269 = 0, 3*l = -w + 1281. List the prime factors of l.
2, 3, 71
Let u(g) = g**2 + 2*g + 1. Let h be u(4). Let t = 35 - h. What are the prime factors of t?
2, 5
Suppose -2*d + 15 = 2*d + 5*o, 15 = 2*d + o. Let v = d + -7. Suppose 2*k + v*k = 60. What are the prime factors of k?
2, 3
List the prime factors of (5/(-15))/((-4)/624).
2, 13
Let b = -70 - -115. List the prime factors of b.
3, 5
Let i(d) = -d**3 + 1. Let s be i(1). Suppose 0*c - c + 24 = s. List the prime factors of c.
2, 3
Let d(l) = 4*l + 15. List the prime factors of d(5).
5, 7
Suppose 13 = q + 2. List the prime factors of q.
11
Let i(c) = -c**2 - 10*c - 6. Let x be i(-9). Suppose o - x*o = -10, 2*v + 3*o = 19. List the prime factors of v.
2
Let p(n) = -8*n + 10. What are the prime factors of p(-5)?
2, 5
Let m(r) = 31*r**3 + r**2 + 2*r + 1. Let a be m(-1). Let i(n) = 5*n**2 + n - 2. Let z be i(3). Let b = z + a. List the prime factors of b.
3, 5
Suppose 6*j = 3*j + 5*d - 220, -3*j + 3*d = 210. Let z = -34 - j. List the prime factors of z.
31
Let p = 248 - 34. List the prime factors of p.
2, 107
Let a = 2 - 1. Let u(t) = 8*t**3 - t + 1. List the prime factors of u(a).
2
Let r(w) = -w + 6. Let t be r(3). Suppose -3*l + 5 = 2*l, t*l = -5*z + 88. What are the prim